 be p(12). Let f = 191 + -194. Is 978 + -2 - f/s a prime number?
False
Suppose 4*v = -4*q + 3032448, -2*v + 623462 = -3*q - 892787. Is v prime?
False
Suppose -6*g = -15 - 9. Suppose -g*v + 5*u + 793 = 0, -4*u - 5 = -1. Let p = v + -34. Is p prime?
True
Let z be ((-10)/(-2) - -141)/(2/151). Suppose -5*i = 6*x - 2*x - z, 3*i - 5*x = 6599. Is i prime?
True
Let x = 46 + -45. Let y(a) = 3152*a**2 + 4*a - 3. Is y(x) prime?
False
Let a(n) = n**3 - 13*n**2 + 10*n - 6. Suppose -3*v - 9 = 0, v = -3*c + 7*c - 55. Let u be a(c). Suppose 5*s - 3*s - u = 0. Is s a prime number?
False
Suppose 7*l - 22 = 20. Suppose -l*a = 2*x - 2*a - 6690, -a = 5*x - 16707. Is x composite?
True
Suppose 65 = j + 12*j. Suppose 3*l - 72667 = -2*q, -l + j*q + 6756 + 17472 = 0. Is l prime?
True
Let m(q) = 12 - 6*q**2 - 1 + 3*q**2 - 1 - 4*q**3. Let y be (-5 - 1)*(35/14 - 2). Is m(y) a composite number?
True
Suppose 3*v = d + 68274, -68268 = -3*v + 17*d - 18*d. Is v prime?
False
Let u(l) = 13029*l + 8512. Is u(33) prime?
False
Suppose 5 = g, 4*u + 8*g = 3*g - 207. Let b = -60 - u. Is (8/6)/b*28515/(-10) prime?
True
Let f(h) = 5*h**2 - 11*h + 19. Let p(k) = k**3 + 9*k**2 + 14*k + 2. Let a be p(-7). Suppose 3*x + 62 = 5*g, -a*g + 0*g + 4*x + 36 = 0. Is f(g) a prime number?
True
Suppose -24 = 5*b - 7*b. Suppose -b*v - 500 = -16*v. Suppose v = -5*s + 2370. Is s a prime number?
True
Let z = -48651 - -100438. Is z a composite number?
False
Suppose 213*j - 174*j - 13281333 = 0. Is j composite?
True
Let l be 3/12 + (-195)/(-4). Suppose -3*z + 2*p = -l, 56 = 3*z + 5*p - 0*p. Is -2*z/(-2)*(40 - 3) a composite number?
True
Let t(u) = -4*u + 107 - 105*u - 328 - 135*u - 46*u. Is t(-23) composite?
False
Suppose 67*k - 66*k = 0. Suppose -2*d + 1504 = 2*d + 4*w, 4*w - 12 = k. Is d a composite number?
False
Is (-22 + 17 - 9 - -8) + 357073*1 prime?
False
Let p be ((-3)/(-6))/((-3)/23514). Let v = -7023 - p. Let g = -1623 - v. Is g a prime number?
True
Suppose -32959 = -16*w + 12945. Suppose 0 = 2*d + d - 2*h - w, 0 = -4*d + 2*h + 3824. Is d prime?
False
Is (0 + (-4)/(-38 - -6))*299384 composite?
False
Let l(z) = -z + 8*z + 2*z + 17. Let t = -4501 + 4515. Is l(t) prime?
False
Let l(w) = -2*w**3 - 4*w**2 + 37*w - 2. Is l(-25) a composite number?
False
Let v(c) = 84*c**2 + 19*c - 5*c - 108 - 21*c. Is v(-11) a composite number?
False
Suppose 4*i = -4*t + 1572316, -102*i = -103*i - 2*t + 393085. Is i prime?
True
Is -3 - 3 - (9/3 - 139956) prime?
False
Let a(i) = 3027*i - 5018. Is a(35) composite?
False
Let y be 2587/1 + 2*(-2)/(-1). Suppose 5*u + 7*q - 4*q - y = 0, -5*u = -q - 2583. Is u prime?
False
Suppose -5*q - 42 = 4*t, 4*t + 13 - 1 = 0. Let w be (-4)/(-4)*(-2 + -1). Is w - (-8)/q*564/(-8) a prime number?
False
Is (-364)/28 + (5 - -293331) composite?
True
Suppose -2*u - 5 - 1 = 0. Let z be (-36)/u*(-1)/(-2). Is (z/9)/((-6)/(-12177)*3) a prime number?
False
Suppose 0 = t - 118846 - 97983. Is t prime?
True
Suppose -32*t = -33*t - 5. Is 310023/84 + (-1 - t/4) prime?
True
Let u(c) = 4*c**2 + 8*c - 941. Let a(m) = -5*m**2 - 9*m + 941. Suppose 3*j + 2*p + 35 = 11, -3*j = 5*p + 33. Let k(w) = j*u(w) - 5*a(w). Is k(0) prime?
True
Let f = -135 - -136. Let x be ((-3)/(-3))/(2/4)*f. Suppose 8 = x*h, 0*q = q - 5*h - 1131. Is q a prime number?
True
Suppose 0 = -124*g + 755439 - 2157435 + 9040520. Is g composite?
True
Suppose 3*t + 1206714 = 5*b, -31*b + 1206690 = -26*b + 5*t. Is b a prime number?
False
Let p(b) be the third derivative of b**6/120 + b**5/5 - 7*b**4/12 - 2*b**3 + 18*b**2. Let w be p(-13). Is (w/2)/(4/15544) composite?
True
Suppose -3*h = -5*w - 7750 + 383, -2*h + 4922 = 2*w. Is h prime?
True
Suppose v + 4*s - 98529 = 0, 577*s + 98531 = v + 580*s. Is v a composite number?
True
Suppose -8*d = -4*d + 1944. Let m = 77 - d. Is m a composite number?
False
Let y(i) = 25*i - 73. Let g be y(3). Let l = 8 + -6. Suppose -o - g*c + 77 = 3*c, l*o = -5*c + 164. Is o a composite number?
True
Let v be -4 - (-9 - (5 + -2)). Suppose 4*w - v = -0*r + 3*r, -4*r + w = 15. Is ((-14)/r)/(-5*2/(-220)) a composite number?
True
Suppose -2*a - 248 = -890. Suppose -w - 5*w - 912 = 0. Let z = a - w. Is z composite?
True
Let o = 29 + -29. Suppose -5*f - 4383 + 21838 = o. Suppose -106 = 5*j - 4*h - f, j + 2*h = 677. Is j a prime number?
True
Let a = 17296 + 765. Suppose 5402 = -i + a. Is i composite?
False
Suppose 4*i + 0*v = -3*v + 9, 3*i - 5*v = 43. Let y be ((-16)/i + 2)/((-22)/99). Suppose -4*t = -2*p + 7314, 0 = y*p + 2*t - 1955 - 9024. Is p prime?
True
Is 124078*(-10)/4*(-1 + (-12)/(-15)) prime?
True
Suppose 0 = 5*s + 5*c - 2549445, -13*s + 8*s - 4*c = -2549441. Is s a composite number?
True
Suppose 3*l = 3*g - 582732, -2*g = -3*g - l + 194234. Is g a prime number?
True
Let j = 26994 - 8332. Let m = j - -7709. Is m a composite number?
False
Let x(n) = -110442*n + 751. Is x(-8) a prime number?
True
Let z(m) = -5531*m + 6502. Is z(-125) a prime number?
True
Let v be (26/(-6) - -1)*(-144)/(-30). Let y be (v/(-48))/(2/252). Is (-7)/(y/4)*(-1545)/10 a prime number?
True
Let b(r) = r**3 + 28*r**2 + 30*r + 41. Let d be b(-12). Suppose 11*p - 3416 = d. Is p a composite number?
False
Suppose -o + 3033 = 4*j, 1515 = 5*j - 3*j - o. Let k(l) = 4*l**3 - 4*l**2 + l + 1. Let i be k(2). Suppose 0 = -21*h + i*h + j. Is h a prime number?
True
Let a = -110988 + 167767. Is a prime?
True
Suppose -m - 5*m = -24. Suppose m*g = -0*g. Is -2 + (g - 0) + (1 - -398) a composite number?
False
Let x(o) = o**3 - 16*o**2 - 68*o + 1006. Is x(37) a composite number?
False
Let c = 51638 + 19551. Is c composite?
True
Suppose 0 = 10*z - 31 - 19. Suppose -4*c = -5*q - 1170, -z*c - q - 3*q + 1483 = 0. Is c prime?
False
Suppose 0 = 48*f - 15*f - 99. Suppose 3*t - 2244 - 517 = d, -5*t + d + 4605 = 0. Suppose -f*l + t = -a, 2*l + 8*a - 609 = 3*a. Is l prime?
True
Let o = 65 + -67. Let x be o/(-7) + 110/7. Suppose x*w - 20*w + 1268 = 0. Is w composite?
False
Let u = 28770 + 92267. Is u a composite number?
True
Suppose -4*y - 43*b + 41*b + 1127514 = 0, 3*y - 845638 = -b. Is y a prime number?
False
Let l(h) = 2*h**3 - 2*h**2 - 36*h + 661. Is l(40) a prime number?
True
Is 556953/((-2)/11 + 2030/638) a prime number?
True
Suppose -2*f = 3*g - 179955, -10*f + 299947 = 5*g - 14*f. Is g composite?
True
Suppose 4*n - 4*t + 166407 = 5*n, 2*n - 5*t = 332879. Is n composite?
True
Let o(f) = -f**2 + 9*f - 14. Let l be o(6). Suppose x = l*g - 20804, 2*x = -2*x. Suppose 6*a = 10453 + g. Is a a composite number?
False
Let h(w) = w**3 - 7*w**2 - 4*w - 6. Let v be h(9). Let l = 775 - v. Is l a prime number?
False
Let l be 20/(-18)*900/(-200). Let o be (26/(-6))/((-4)/84). Suppose 139 = l*d - o. Is d prime?
False
Suppose 301 = -12*p + 5*p. Let v = -33 - p. Suppose -v = 4*y - 9*y, 0 = 5*r - 5*y - 285. Is r a composite number?
False
Suppose -16 = -j + 2*u - 1, -5*j = -u - 84. Suppose -f = 3*q + q - j, 0 = 2*f - q + 11. Is 804/9*57 + f prime?
False
Suppose 3*w = 4*j + 41880, -13*w - 69829 = -18*w - 3*j. Suppose 10*d + w = 14*d. Is d prime?
True
Let j(u) = 159166*u + 317. Is j(8) composite?
True
Let i = -441607 + 1278524. Is i a prime number?
True
Let z(x) be the third derivative of -203*x**6/360 - 17*x**5/120 + x**4 - 32*x**2. Let k(l) be the second derivative of z(l). Is k(-3) a prime number?
True
Let k(y) = -5*y + 79. Let x be k(15). Suppose -x*g = -899 - 4137. Is g prime?
True
Let p(h) = 7497*h - 437. Is p(8) prime?
True
Let d(y) = -59*y + 26. Let f be (-75)/6 - (-16)/32. Is d(f) a prime number?
False
Suppose 37*r + 25*r = -864031 + 3012145. Is r prime?
False
Let j = -11 - -15. Suppose j*n - 16 = 0, -5*u - 16 = -2*n + 3*n. Is (2429/u)/(8/(-32)) composite?
True
Suppose 19 = -40*b + 59. Is (85139/(-38))/(b/(-22) - 0) a composite number?
True
Let m(y) = 3*y**3 + 7*y**2 - 6*y + 16. Let v be m(-6). Is (-16)/2 - (v + 69) a composite number?
True
Suppose p = -2*s - 7774, 3*p - s + 272 + 23015 = 0. Let g = p - -11045. Is g a composite number?
True
Let p(x) = 2*x**2 - 3*x + 6662. Let t be p(0). Suppose 2596 = 6*h - t. Is h a prime number?
True
Let r = -797 + 800. Suppose p - 18746 = -r*z, -19*z + 4*p - 18761 = -22*z. Is z composite?
False
Let t(y) = 1840 - 42*y - 868 - 742 + 11*y**2. Is t(33) a composite number?
True
Let n = 197680 - 97031. Is n prime?
True
Suppose -5*z = -3*t - 701653,